s the remainder when h + (7 - 3 - 3) is divided by 18?
16
Let f be (-78)/(-4) - (-6)/4. Calculate the remainder when 10 is divided by (-3 - 0) + f/3.
2
Suppose 0 = -z + 3*p + 117, -316 = -3*z + 51*p - 49*p. What is the remainder when z is divided by 27?
21
Suppose 64 = -38*a + 42*a. Let i(f) = -42*f + 11. Let h(n) = 21*n - 5. Let p(z) = 7*h(z) + 3*i(z). Calculate the remainder when p(3) is divided by a.
13
Suppose 46 = 2*l - 2*x, -58 = -2*l + 45*x - 40*x. Suppose 3*j - 222 = -0*j. Calculate the remainder when j is divided by l.
17
Let m be (4/(-6))/(30/(-135)). Calculate the remainder when (51/m)/(3 + -2) is divided by 7.
3
Let u = 1312 - 1172. What is the remainder when u is divided by 9?
5
Suppose 4*j - 40 = -5*g, 0 = -4*g + j - 0*j + 11. Suppose -2*c = 3*p + 3, -12 = -0*p + g*p. Calculate the remainder when 47 is divided by (-99)/(-22)*8/c.
11
Suppose 80*q - 78*q - 152 = 0. What is the remainder when q is divided by 36?
4
Let g = 55 - 45. Suppose -x - 4 + 7 = 0. Suppose 4*s - 3*p + x = 0, 5*s + 2*p = -p + 30. Calculate the remainder when g is divided by s.
1
Let i = 701 - 466. What is the remainder when i is divided by 59?
58
Let v(b) = 3*b**2 + 22*b - 313. Calculate the remainder when v(8) is divided by 22.
11
Let f = -641 - -779. What is the remainder when 299 is divided by f?
23
Suppose 4*p = 5*x - 78, -5*p + 5 + 10 = 0. What is the remainder when 159 is divided by x?
15
Let j = 242 - 227. What is the remainder when 27 is divided by j?
12
Suppose 6*m = 3*m + 2*s - 1562, 0 = -4*m + s - 2086. Calculate the remainder when ((-92)/28 - -3) + m/(-14) is divided by 10.
7
Suppose t - 6 - 4 = 0. Suppose t + 6 = k. Suppose -2*x = 2*z - 22, 3*x + 2*z - 29 = z. What is the remainder when k is divided by x?
7
Let q be 5 - (0/4)/3. Suppose q*r = -2*d + 102 + 247, -5*d = 15. Suppose -2*h - 3*h = -120. Calculate the remainder when r is divided by h.
23
Let i(t) = t**3 + 26*t**2 + 25*t + 12. What is the remainder when 32 is divided by i(-25)?
8
Let t = 1731 - 43. What is the remainder when 93 is divided by (-4)/22 + t/88?
17
Let v be (-12)/(-7) + 60/210. Suppose 100 = v*q + 66. Calculate the remainder when 45 is divided by q.
11
Let x = 4 + -1. Suppose -4*q + 15 = -a - 29, -q + a = -14. Suppose q = 2*y - 18. What is the remainder when y is divided by x?
2
Suppose -4*k - 2*s + 32 = 0, 4*k + 5 = 2*s + 21. What is the remainder when 17 is divided by k?
5
Let b = -380 - -393. What is the remainder when 129 is divided by b?
12
Let q(h) = 0*h + 2*h + h**2 - 15 + 3 + 0*h. What is the remainder when 44 is divided by q(5)?
21
Suppose -5*x + 50*v - 49*v = -75, -3*x - 2*v + 32 = 0. Calculate the remainder when (1 - -1)/((-4)/(-110)) is divided by x.
13
Let m be 78*(0 + 1) - (-33)/(-11). Calculate the remainder when 40 is divided by 12/(-10)*1*m/(-6).
10
Let l be (-10)/3 - (-8)/(-12). Calculate the remainder when 17 is divided by (-2)/(-4) - 38/l.
7
Suppose -4*y + 12 = 2*x, 0 = -y - 2*x + 3 - 0. Let q = y + 15. Calculate the remainder when 28/3*q/12 is divided by 8.
6
Let c be (2 + 15/(-6))*-2*6. Let f = 23 - c. Calculate the remainder when 66 is divided by f.
15
Suppose -5*x + 3*f - 76 = -16, -15 = 3*f. Let g = x - -34. Calculate the remainder when 94 is divided by g.
18
Let b(y) = -y**3 - 23*y**2 + 3*y - 42. Let u be b(-23). Let p = 127 + u. What is the remainder when 44 is divided by p?
12
Suppose 3*h - 6*h = -165. Suppose n - 2*n = -h. Let k = -415 - -429. What is the remainder when n is divided by k?
13
Let u(i) = i**2 + 72*i - 629. What is the remainder when 567 is divided by u(8)?
6
Suppose -5 = 3*g - 5. Suppose g = 2*l - 3*x - 44, 0 = -2*l - x + 21 + 23. Calculate the remainder when l is divided by 6.
4
What is the remainder when (-9 - (12 + -7))*-22 is divided by 36?
20
Let b = 22 + -20. Let k be (20/6)/(b/39). Suppose 5*a - k = -0*a. Calculate the remainder when a is divided by 7.
6
Let w = 502 + -494. What is the remainder when 791 is divided by w?
7
Let q be (2/3)/((-2)/(-6)). Suppose 0 = -0*d + q*d - 10. Suppose 3*c = -2*t + 12, -4*c = -2*t + t + 28. What is the remainder when t is divided by d?
2
Let w(i) = i**3 + 6*i**2 - 19*i - 30. What is the remainder when 215 is divided by w(-7)?
53
Let g = -208 - -214. Calculate the remainder when 10 is divided by g.
4
Suppose 327 - 7 = 5*z. What is the remainder when z is divided by 17?
13
Let t(w) = 6*w - 1. Let u be t(1). Suppose u = 2*k - 1. Suppose y - k*y = -10. Calculate the remainder when 14 is divided by y.
4
Let h = -128 - -151. What is the remainder when 296 is divided by h?
20
Suppose 0 = 4*y + 12, n + 9*y = 7*y + 46. Calculate the remainder when 623 is divided by n.
51
Let w(x) = x**3 - 2*x**2 + 6*x + 2. Calculate the remainder when 82 is divided by w(3).
24
Let o be 1 - (12 - -3)/(-5). Suppose -5*p - 10 = 0, -3*z - 4*p - 21 = -o*z. Calculate the remainder when 60 is divided by z.
8
Suppose 5*m = 3*m - 5*b + 299, 2*m + b - 319 = 0. Calculate the remainder when m is divided by 33.
30
Suppose -162*h = -157*h - 190. Calculate the remainder when h is divided by 22.
16
Let s(w) = w**3 + 13*w**2 + 36*w + 7. What is the remainder when 44 is divided by s(-5)?
17
Let j(i) = -17*i - 3. Let b be j(-2). Let f = -22 + b. Let m(l) = -6*l - 9. Calculate the remainder when m(-7) is divided by f.
6
Let l(k) = -k**2 - 26*k - 83. Calculate the remainder when 145 is divided by l(-7).
45
Suppose 0*r - 162 = -2*r + 5*h, -r + 3*h + 80 = 0. Calculate the remainder when r is divided by 18.
14
Suppose 0 = -3*q - 3*j + 12, 2*q - 3*q = 3*j - 4. Suppose 0 = -z - 2*x - 12, -z - x - 12 = -0*x. What is the remainder when 10 is divided by (z + 14)/(2/q)?
2
Calculate the remainder when (103410/(-180))/((-9)/6) is divided by 136.
111
Suppose 0 = -3*v - 5*o + 37, -5*o + 29 = -44*v + 45*v. Calculate the remainder when 316 is divided by v.
0
Let d(w) = 2*w**3 + w**2 + 6*w + 208. Calculate the remainder when d(0) is divided by 3.
1
Suppose 0 = -7*h + 26*h - 646. What is the remainder when 79 is divided by h?
11
Calculate the remainder when 2411 is divided by 13 + 1 + -24*2/(-16).
14
What is the remainder when 253 is divided by 1548/30 + (-12)/20?
49
Suppose v + 2 = -5*k + 3*k, 3*k - 5*v = 10. Suppose -n - 93 = -5*d, 5*d + n + 3*n - 103 = k. Calculate the remainder when (-217)/(-4) + 2/(-8) is divided by d.
16
Let s(y) = y**2 + 16*y + 4. Let x be s(-12). Let i = x - -29. What is the remainder when ((-72)/15)/(i/50) is divided by 6?
4
Suppose 3*h - 2 = 4. Suppose -3*j - 5*f = -17, -h*j + 3 = 5*f - 0. What is the remainder when 39 is divided by j?
11
Let i(z) = -2*z**3 + 17*z**2 - z - 4. Let l(q) = -q**3 - 3*q**2 + 2*q - 4. Let v be l(-5). Let y = v + -25. Calculate the remainder when i(8) is divided by y.
8
Let p = 32 - 9. Let j(h) = -8*h - 3. Let r be j(-1). Suppose 5*u + r*s - 425 = 0, -2*s = -4*s - 8. Calculate the remainder when u is divided by p.
20
Let m be 3 + 87 + (-15)/3. Let f = -56 + m. What is the remainder when f is divided by 5?
4
Suppose -161*w + 172*w - 3740 = 0. Calculate the remainder when w is divided by 57.
55
Suppose 4*b - 184 - 468 = 0. Calculate the remainder when b is divided by 11.
9
Suppose -5*g + 4*z + 77 = 0, -4*z + 76 = 4*g - 0*z. Calculate the remainder when g is divided by 319/66 + (-1)/(-6).
2
Suppose p - 8 = x, -p + 4*x = -4*p + 3. Suppose 121 = 2*h - 3*v, p*h - 325 = 3*v - 0*v. Calculate the remainder when h is divided by 23.
22
Let u be 132/4*(-1)/3. Let s = u + 5. What is the remainder when 25 is divided by ((-4)/s)/(12/162)?
7
Let r be -1 + 0 + -122 - 1. Let l be (4/16)/(3378/1688 + -2). Let q = l + r. What is the remainder when q is divided by 22?
21
Let o = -1898 + 1904. Calculate the remainder when 31 is divided by o.
1
Let p(a) = -30*a + 2. Suppose -126 = -135*l + 134*l. Calculate the remainder when l is divided by p(-1).
30
Let l be -30*(4/(-3) - 0). What is the remainder when -4 + (-17)/(-4) - (-342)/16*2 is divided by ((-3)/4)/((-2)/l)?
13
Let n = -21 - -25. Suppose 8*p - n*p = 200. What is the remainder when p is divided by 17?
16
Suppose 11*t - 585 = -112. What is the remainder when t is divided by 19?
5
Suppose 123*v - 68*v - 15345 = 0. What is the remainder when v is divided by 20?
19
Suppose 0 = s - 3*s. Suppose s = u + 3*u - 64. What is the remainder when 62 is divided by u?
14
Let y(x)